{"id":16,"date":"2025-05-26T20:22:10","date_gmt":"2025-05-26T18:22:10","guid":{"rendered":"https:\/\/test.myauswertung.de\/?page_id=16"},"modified":"2025-05-29T18:59:38","modified_gmt":"2025-05-29T16:59:38","slug":"home","status":"publish","type":"page","link":"https:\/\/myauswertung.de\/","title":{"rendered":"Home"},"content":{"rendered":"\t\t<div data-elementor-type=\"wp-page\" data-elementor-id=\"16\" class=\"elementor elementor-16\">\n\t\t\t\t<div class=\"elementor-element elementor-element-a30fc8a e-flex e-con-boxed e-con e-parent\" data-id=\"a30fc8a\" data-element_type=\"container\">\n\t\t\t\t\t<div class=\"e-con-inner\">\n\t\t\t\t<div class=\"elementor-element elementor-element-c240e58 elementor-widget elementor-widget-heading\" data-id=\"c240e58\" data-element_type=\"widget\" data-widget_type=\"heading.default\">\n\t\t\t\t<div class=\"elementor-widget-container\">\n\t\t\t\t\t<h2 class=\"elementor-heading-title elementor-size-default\"><span style=\"font-size: 23px;font-style: normal;text-align: center\"><span style=\"font-family: -webkit-standard;font-size: medium;font-style: normal\">Die Statistikauswertung und statistische Beratung mit SPSS<\/span><\/span><\/h2>\t\t\t\t<\/div>\n\t\t\t\t<\/div>\n\t\t\t\t\t<\/div>\n\t\t\t\t<\/div>\n\t\t<div class=\"elementor-element elementor-element-213a2d2 e-flex e-con-boxed e-con e-parent\" data-id=\"213a2d2\" data-element_type=\"container\">\n\t\t\t\t\t<div class=\"e-con-inner\">\n\t\t\t\t<div class=\"elementor-element elementor-element-f50f0cf elementor-widget elementor-widget-text-editor\" data-id=\"f50f0cf\" data-element_type=\"widget\" data-widget_type=\"text-editor.default\">\n\t\t\t\t<div class=\"elementor-widget-container\">\n\t\t\t\t\t\t\t\t\t<p style=\"caret-color: #000000; color: #000000; font-style: normal; font-variant-caps: normal;\" data-start=\"58\" data-end=\"658\">Sie haben Probleme mit der Datenauswertung und brauchen g\u00fcnstige, schnelle, professionelle Unterst\u00fctzung? Sie m\u00f6chten eine Statistikauswertung (Statistik Auswertung mit SPSS) durchf\u00fchren und kommen nicht weiter? Als Statistiker (SPSS Auswertung und SPSS Hilfe in Statistik) f\u00fchre ich seit 2005 f\u00fcr Sie in allen Fachrichtungen statistische Datenauswertungen jeder Art (SPSS, STATA, SmartPLS u.v.m.) durch und biete Ihnen neben einer individuellen Beratung f\u00fcr Firmen, Mediziner, Studenten, Doktoranden uvm. sowie Statistik Korrektur an.<\/p><p style=\"caret-color: #000000; color: #000000; font-style: normal; font-variant-caps: normal;\" data-start=\"660\" data-end=\"817\">Ich bin der richtige Ansprechpartner f\u00fcr Sie: Ob Student\/in (Bachelorarbeit, Masterarbeit), Arzt\/\u00c4rztin (Doktorarbeit), Gesch\u00e4ftsf\u00fchrer\/in oder Privatperson:<\/p><p style=\"caret-color: #000000; color: #000000; font-style: normal; font-variant-caps: normal;\" data-start=\"819\" data-end=\"1240\" data-is-last-node=\"\" data-is-only-node=\"\">Ich unterst\u00fctze Sie bei der zielgerichteten Realisierung Ihrer statistischen Aufgaben\/W\u00fcnsche. Gern erarbeite ich Ihnen schnellstm\u00f6glich einen Vorschlag zur L\u00f6sung Ihres Problems. Sie sind interessiert an weiteren Dienstleistungen? Schauen Sie sich einfach meine Angebote an und kontaktieren Sie mich bei Fragen. Ihre Daten werden nicht an Dritte weitergegeben. Die Verarbeitung der Daten erfolgt ausschlie\u00dflich im Hause.<\/p>\t\t\t\t\t\t\t\t<\/div>\n\t\t\t\t<\/div>\n\t\t\t\t\t<\/div>\n\t\t\t\t<\/div>\n\t\t\t\t<\/div>\n\t\t","protected":false},"excerpt":{"rendered":"<p>Die Statistikauswertung und statistische Beratung mit SPSS Sie haben Probleme mit der Datenauswertung und brauchen g\u00fcnstige, schnelle, professionelle Unterst\u00fctzung? Sie m\u00f6chten eine Statistikauswertung (Statistik Auswertung mit SPSS) durchf\u00fchren und kommen nicht weiter? Als Statistiker (SPSS Auswertung und SPSS Hilfe in Statistik) f\u00fchre ich seit 2005 f\u00fcr Sie in allen Fachrichtungen statistische Datenauswertungen jeder Art (SPSS, [&hellip;]<\/p>\n","protected":false},"author":1,"featured_media":0,"parent":0,"menu_order":0,"comment_status":"closed","ping_status":"closed","template":"","meta":{"footnotes":""},"class_list":["post-16","page","type-page","status-publish","hentry","entry"],"_links":{"self":[{"href":"https:\/\/myauswertung.de\/index.php?rest_route=\/wp\/v2\/pages\/16","targetHints":{"allow":["GET"]}}],"collection":[{"href":"https:\/\/myauswertung.de\/index.php?rest_route=\/wp\/v2\/pages"}],"about":[{"href":"https:\/\/myauswertung.de\/index.php?rest_route=\/wp\/v2\/types\/page"}],"author":[{"embeddable":true,"href":"https:\/\/myauswertung.de\/index.php?rest_route=\/wp\/v2\/users\/1"}],"replies":[{"embeddable":true,"href":"https:\/\/myauswertung.de\/index.php?rest_route=%2Fwp%2Fv2%2Fcomments&post=16"}],"version-history":[{"count":3,"href":"https:\/\/myauswertung.de\/index.php?rest_route=\/wp\/v2\/pages\/16\/revisions"}],"predecessor-version":[{"id":238,"href":"https:\/\/myauswertung.de\/index.php?rest_route=\/wp\/v2\/pages\/16\/revisions\/238"}],"wp:attachment":[{"href":"https:\/\/myauswertung.de\/index.php?rest_route=%2Fwp%2Fv2%2Fmedia&parent=16"}],"curies":[{"name":"wp","href":"https:\/\/api.w.org\/{rel}","templated":true}]}}